t m = 2093 - -1391. Suppose 0 = -23*z + 14272 + m. List the prime factors of z.
2, 193
Let t(r) = 34*r + 3262. List the prime factors of t(46).
2, 19, 127
Let w(l) = 3*l**3 + 21*l**2 + 46*l + 1. List the prime factors of w(13).
10739
Let s(m) = -13*m + 7. Let x be s(3). Let t = x - -58. Suppose -190 = -t*j + 24*j. List the prime factors of j.
5, 19
Let v be (-112)/(-32) - (2 - 15/6). Suppose 4*u = -23*d + 25*d + 2762, 0 = v*u + 5*d - 2769. List the prime factors of u.
691
Suppose -42*w + 38*w + 4*b = -24532, w = 4*b + 6115. What are the prime factors of w?
7, 877
Suppose -3*m - 26 - 1 = 0. Let q be 2/(-9) + ((-316)/m)/(-4). What are the prime factors of ((-201)/(-9))/((-3)/q*1)?
67
List the prime factors of (72 + -1699)/(1/(-1 - 4)).
5, 1627
Let h(f) = -f**3 - 5*f**2 + 7*f - 23. Let b be h(-5). Let j = 360 + b. List the prime factors of j.
2, 151
Let c = 573 - 559. Suppose -c*k + 384 = -11*k. List the prime factors of k.
2
Let n = -3265 + 4729. Let h = n + -678. What are the prime factors of h?
2, 3, 131
Suppose 105*c + 31*c + 21*c = 3710695. List the prime factors of c.
5, 29, 163
Let j be 16/4 + -3 + -3. Let b(g) = -9*g**3 + 3*g**2 + 4*g + 2. Let m be b(j). Suppose 4*y = -5*f + m + 81, 0 = 2*f - 4*y - 86. List the prime factors of f.
5, 7
Let n(y) = -2*y**2 + 1. Let l(z) = 3*z**2 + 22*z - 24. Let k(g) = -l(g) - 2*n(g). List the prime factors of k(27).
157
Let q(u) = u**2 - 4*u - 2. Let n(a) = -a**2 + 13*a - 27. Let t be n(10). Let b be q(t). What are the prime factors of b + 196/35 + 802/5?
7, 23
Suppose -4*v = 2*v - 0*v. Let z be 0 + -5*(-2 - (-2 + 1)). Suppose v = -z*w + 475 - 90. List the prime factors of w.
7, 11
Let y(l) = -l**2 - l + 2. Let k(b) = 36*b**2 + 5*b - 8. Let f(q) = k(q) - 6*y(q). What are the prime factors of f(3)?
17, 23
Let a be -2 + (3 - 4 - -7) - 44. Let v be 5/(a/(-28)) - 1/2. Suppose -b - v = -76. What are the prime factors of b?
73
Suppose 25*t - 52 = 29*t. List the prime factors of (-3)/(3/(-250)) + (-39)/t.
11, 23
Let t(r) be the second derivative of -r**3/6 - r**2/2 - 20*r. Let a(o) = 4*o + 21. Let v(p) = a(p) - 3*t(p). List the prime factors of v(15).
3, 43
What are the prime factors of 7044/(-16)*(-32)/6?
2, 587
Suppose 360839 + 210305 = 94*t. What are the prime factors of t?
2, 7, 31
Let m be (-14412)/(-34) - (30/34 - 1). Suppose 8*t = 3232 - m. What are the prime factors of t?
3, 13
Suppose n - 4*c - 1690 = 0, c + 3911 + 2804 = 4*n. What are the prime factors of n?
2, 839
Let u = 172093 + -121500. What are the prime factors of u?
50593
Let k(b) = 5*b**2 - 38*b + 238. Suppose -380 = -15*y - 125. What are the prime factors of k(y)?
17, 61
Let i(p) = -p**2 + 63*p + 23404. List the prime factors of i(0).
2, 5851
Suppose -5*g - 3971 = -3*h, 188*h - 2610 = 186*h - 2*g. What are the prime factors of h?
2, 41
What are the prime factors of (-16458)/(-4)*1*((-115)/(-15) - 5)?
2, 13, 211
Suppose -2*p - 4*u + 7*u = -15, 24 = 4*p - 4*u. Suppose -2 = 2*l, -26*h = -27*h + p*l + 937. What are the prime factors of h?
2, 467
Let j(m) = 40*m - 51. Suppose 0 = 4*a + a + 25, -5*o - 35 = a. Let b be j(o). Let g = b - -525. List the prime factors of g.
2, 3, 13
What are the prime factors of (-752)/235*(2698/(-4) + -3)*1?
2, 271
Suppose 0*o - 2*o + b + 2 = 0, 0 = -3*o - 4*b - 8. Suppose -k + 1 - 7 = o. List the prime factors of 11/66 + (-239)/k.
2, 5
List the prime factors of (6122 + 0)/(4 + (-18)/5).
5, 3061
Let u = 36860 - -16461. What are the prime factors of u?
71, 751
Let u(h) = -h - 6. Let c(f) = -2. Let j(g) = -5*c(g) + 2*u(g). Let t be j(-6). Let p(m) = -4*m + 43. What are the prime factors of p(t)?
3
Let i be 3/18 - 77/(-42). Suppose 2*m - 1674 = 2*v, i*m = -5*v + 171 + 1524. Suppose -13*d + m = -6*d. What are the prime factors of d?
2, 3, 5
Let d = -5 - 0. Let q be (0 + -2 - 5) + 5. What are the prime factors of (-1392)/(-40)*d/q?
3, 29
Let s(b) = -7*b**2 - 11*b + 11 + 0*b**3 - b**3 + 8 + 4. What are the prime factors of s(-10)?
433
Let n = 114 - 112. Suppose -n*x = -7 - 11. Suppose 6*v + 255 = x*v + 3*j, -465 = -5*v + 3*j. List the prime factors of v.
2, 3, 5
Let k be (2 - 5) + (131 - 35). Let s = k - -201. What are the prime factors of s?
2, 3, 7
Let i = -15 - 520. Let y = 901 + i. What are the prime factors of y?
2, 3, 61
Let a = 32 + -26. Suppose a = -2*q, 0 = -4*g + q + 3*q + 136. Suppose 3*o = -15, -t + o + g = -10. What are the prime factors of t?
2, 3
Suppose 39*u - 70700 = 4*u. Suppose 2*c - 372 = -2*z, -2*c + 578 = 3*z - 4*c. Suppose -10*f - z = -u. What are the prime factors of f?
3, 61
Suppose l = 4*f - 16150, -43*f - 12122 = -46*f - 4*l. What are the prime factors of f?
2, 3, 673
Let i(h) = 744*h + 1241. What are the prime factors of i(6)?
5, 7, 163
Let y(a) = -5*a**2 + 28*a - 60. Let i be y(21). Let k = -669 - i. List the prime factors of k.
2, 3, 7
Suppose 0 = y - 1328 + 429. Suppose -2199 = -4*j - y. What are the prime factors of j?
5, 13
Let b(h) = 29*h**2 + 126*h + 1. What are the prime factors of b(14)?
3, 13, 191
List the prime factors of 1738/28677 + (-991978)/(-33).
2, 3, 5, 167
Suppose 2*v = 2*a - 168, 0 = 4*a + 2*v + 2*v - 360. Suppose -89*z + 1762 = -a*z. List the prime factors of z.
881
Let f(x) = -x**3 - x - 8. Let v be f(-2). Suppose -m = -v*m + 324. What are the prime factors of m?
2, 3
Let n(f) = -408*f - 1342. What are the prime factors of n(-35)?
2, 6469
Suppose 33*z = 27*z - 30. Let v be (-5)/z*154*5. Suppose -4*f + v = 146. What are the prime factors of f?
2, 3, 13
Let w(p) = -13*p - 133. Let k be w(-11). What are the prime factors of (-4066)/(-6) - (-20 + k)/30?
2, 3, 113
Let n be (-10)/50 - (33/(-15) + -2). Let t be n - (1 + (-13 - 1) + -4). List the prime factors of ((-427)/t - -2)/((-2)/6).
5, 11
Let j(g) = 2*g - 10. Let w be j(7). Suppose 0*t = -f + 3*t + 144, 2*t + w = 0. Let p = -95 + f. List the prime factors of p.
43
Let f(t) = -t**3 - 5*t**2 - t - 3. Let p be f(-5). Suppose -p*b + 64 = 22. What are the prime factors of (1/(9/1752))/(14/b)?
2, 73
Suppose 26 = -4*f + 10. Let w(z) = -z**2 - 3*z + 9. Let j be w(f). Suppose j*k = 109 + 171. What are the prime factors of k?
2, 7
Suppose -39500 = -62*u - 30*u + 317460. What are the prime factors of u?
2, 5, 97
Let k(c) = 4*c - 18. Let o be k(4). Let n be -3 - ((-9)/(-6))/(o/4). Suppose 90 = -n*h + h. What are the prime factors of h?
2, 3, 5
Let b = -6514 + 9740. What are the prime factors of b?
2, 1613
Let n be (-11)/((6/(-342))/(-1)). Let k = 1437 + n. What are the prime factors of k?
2, 3, 5
Let h = -838 + 840. Suppose 0 = h*m + 3*y - 3494, m + 6*y - 1744 = 3*y. List the prime factors of m.
2, 5, 7
Let k(j) = -4*j**3 - 5*j**2 - 4*j - 1. Let t be k(-4). Let p = -37 + t. Suppose -2*n = -p - 18. What are the prime factors of n?
2, 43
Suppose -24*r - 18661 = -5*b - 21*r, 4*b + 5*r - 14951 = 0. List the prime factors of b.
2, 1867
List the prime factors of (918/(-30))/(9/(-105)).
3, 7, 17
Let u(l) = -65*l + 331. Let c be u(5). Let z be 7 + -2*(-3)/6. What are the prime factors of 12/z*c*1?
3
Suppose 5*p + 3 = 8, 4*p = -5*l + 4. Let h(k) = -k**2 + 3*k + 844. Let b be h(l). Suppose w - 209 = -o, b = 4*o - w + 3*w. List the prime factors of o.
3, 71
Let n be (3/((-45)/(-10)))/((-2)/(-9)). Suppose -v + o + 15 = -3*v, -3*v - 36 = -n*o. List the prime factors of 70/4*(v - -9 - -2).
5, 7
Suppose 61 = 21*a + 19. List the prime factors of 948/a*(-23)/(-46).
3, 79
Suppose 281*c = -148*c + 8202051. What are the prime factors of c?
3, 6373
Let j be 472/14 + 10/35 - -3. Let m = 43 - j. Let n(g) = g**2 - 3*g - 3. What are the prime factors of n(m)?
3, 5
Let s(q) = 22*q**2 - 182*q - 2454. List the prime factors of s(-14).
2, 2203
Let b(y) = -72*y - 499. Let f be b(-7). Let n be ((-468)/15)/(2/(-10)). Suppose -f*k + n = -4*k. List the prime factors of k.
2, 3, 13
Let q(l) = 20*l**2 + l**3 - 5*l**3 - 26 - 10*l + 3*l**3. Let w = -245 - -264. What are the prime factors of q(w)?
5, 29
Let h(g) be the second derivative of 281*g**3/2 + 14*g**2 + 81*g. List the prime factors of h(1).
13, 67
Let k = 148881 - 90502. List the prime factors of k.
58379
Suppose 2*l - 114 = 4. Let h(g) = 12*g - 72. Let c be h(15). Let y = l + c. What are the prime factors of y?
167
Let v be 25/(-20)*(2 + -6). Suppose -v*d + 3*d + h = -5, d + 3*h - 13 = 0. Suppose 4*p = 0, d*p - 5*